4 = h + b. Suppose -d + h = -15. What are the prime factors of d?
2, 3
Suppose -4*c - 435 = -9*c. Let s = 63 + -14. Let v = c - s. List the prime factors of v.
2, 19
Suppose -7*c = -11*c + 264. Let d = c - 21. List the prime factors of d.
3, 5
Suppose 0 = -2*o - 4*d + 208, 4*o - o + 5*d = 307. Let u = 235 - o. What are the prime factors of u?
3, 47
Let i(p) = -p**2 - 12*p - 17. Let g be i(-10). Suppose -g*b + 6*b + 2*t = 115, -2*b - 4*t = -82. What are the prime factors of b?
37
Let n(s) = 25*s + 209. List the prime factors of n(48).
1409
What are the prime factors of (-950)/(-16) + (-75)/200?
59
Let l be 1/(2/(-2)) - (1 + -265). Let u = l + -137. List the prime factors of u.
2, 3, 7
Let c = 377 + -277. Let j(u) = -3*u**2 - 2*u + 5. Let l be j(-5). Let z = c + l. What are the prime factors of z?
2, 5
Let c(h) = -h**2 + 8*h. Let v be c(8). Suppose -4*r + 105 + 555 = v. What are the prime factors of r?
3, 5, 11
Suppose 0 = d + 3*v - 124, 2*d - v = 7*d - 676. List the prime factors of d.
2, 17
Let q(z) = -3*z**3 - 4*z**2 - 15*z - 6. List the prime factors of q(-6).
2, 3, 7
Suppose -2*w = -d - 2864, 3*w + d - 224 - 4077 = 0. List the prime factors of w.
1433
Let g(q) = 24*q - q**3 - 22*q - 4 - 5*q**2 + 6. Let b be g(-6). Suppose -n + 2*n = b. List the prime factors of n.
2, 13
Let g be -1 + (-1 - 0) - (9 - 5). Let m = g + 194. List the prime factors of m.
2, 47
Suppose -16854 = -2*f - 4116. List the prime factors of f.
3, 11, 193
What are the prime factors of 2653*1 + 112/(-16)?
2, 3, 7
Let y = -17 - -43. Suppose -93 = 2*n - 65. Let k = y + n. List the prime factors of k.
2, 3
List the prime factors of 1 - 813/(-3) - -7.
3, 31
List the prime factors of 20/6*(0 + 2 + 1).
2, 5
Let u = 39 - 42. List the prime factors of (-10)/(-2) - (-181 + u).
3, 7
Suppose 5*q - 5*r = 22830, 26*q - 5*r + 4578 = 27*q. What are the prime factors of q?
2, 571
Let j be (-746)/((5 - -7)/6). Let b = j + 674. List the prime factors of b.
7, 43
Suppose 0 = 6*v - 7396 - 7388. List the prime factors of v.
2, 7, 11
Suppose -w + 5*w = -80. Let m = 0 - w. Suppose -2*q + 3*q = m. List the prime factors of q.
2, 5
Suppose 0 = 51*m - 52*m + 186. List the prime factors of m.
2, 3, 31
Let x be 208/20 - 6/15. What are the prime factors of ((-654)/(-15))/(4/x)?
109
Let t(g) = 2 + 1 - 2*g + 32*g**2 + 9*g**2 - 2. What are the prime factors of t(1)?
2, 5
Let o = 6 - -11. Let m be 6/(-4) + (30/(-4))/(-5). Suppose p + 3*b - o = -b, m = p - 4*b + 7. List the prime factors of p.
5
Let o(d) = -28*d + 83. List the prime factors of o(-15).
503
Let x = -1383 + 2132. What are the prime factors of x?
7, 107
Let v = -1229 + 2249. List the prime factors of v.
2, 3, 5, 17
Let b(l) = -3*l - 6. Let w be b(-4). Let d(z) = -75*z - 10. Let g be d(-2). Suppose w*k - g = k. List the prime factors of k.
2, 7
Suppose b - 5*b + 204 = 0. Suppose -2*g = 4*c + 16, c - 30*g + 4 = -34*g. List the prime factors of c + (b - (0 - 4)).
3, 17
List the prime factors of (-107)/2*((0 - 11) + 3).
2, 107
Suppose -r = -s - 2400, 18*r - 15*r - 7200 = s. List the prime factors of r.
2, 3, 5
Let h be (-494)/6 + 2/6. What are the prime factors of (-12)/(-8)*h/(-3)?
41
Suppose -9*b = 4*b - 104. Suppose z + 868 = b*z. List the prime factors of z.
2, 31
Let g be 2*4/(-12)*9. Let f(x) = -x**2 - x + 14. Let a be f(g). Let i = a - -34. List the prime factors of i.
2, 3
Suppose 99 - 13 = -j. Let x = j + 159. What are the prime factors of x?
73
Let z(c) = 10*c**3 - c**2 - 3. Let h be (10/25)/(-2) - (-33)/15. List the prime factors of z(h).
73
Let o(z) = z - 7. Let y be o(7). Suppose 0 = 2*b + 3*x - 6, 2*b + y*x - 6 = -2*x. Suppose 39 = -0*a + b*a. List the prime factors of a.
13
List the prime factors of (-922)/(-14) + 1/7.
2, 3, 11
Let q be 1*(4 - 5) - -3. Suppose -k + c = -q*c - 8, -2*c = -3*k + 10. Suppose 3*y - k*y - 30 = -3*b, -4*y + b = -94. List the prime factors of y.
2, 3
List the prime factors of 7950/90*24/20.
2, 53
Suppose 3*j - 4*l = 1406, 2183 = 5*j + 8*l - 175. List the prime factors of j.
2, 5, 47
Let y(w) = -19*w + 2 - 58*w**2 + 57*w**2 - 12. List the prime factors of y(-14).
2, 3, 5
Let g(w) = w**3 - 15*w**2 - 42*w - 17. List the prime factors of g(18).
199
Suppose -7*h - 6*h + 8554 = 0. Let u = -459 + h. List the prime factors of u.
199
Let g = -89 + 149. Let z = -18 + g. Let w = z + -20. List the prime factors of w.
2, 11
Let f(s) = 2*s**3 - 23*s**2 + 24*s - 30. List the prime factors of f(13).
3, 263
Let r(o) = 202*o + 3. List the prime factors of r(1).
5, 41
Suppose 0 = -3*k - v + 1, -k - 2*v + 7 = -3*v. List the prime factors of (k/(-5))/((-1)/470).
2, 47
Let y be 1/((-3)/7)*-117. Suppose 0 = -4*l - l + 4*p + y, p - 263 = -5*l. Suppose -49 = -g - 4*g - 2*n, -5*g - 4*n + l = 0. What are the prime factors of g?
3
Let m(w) be the third derivative of -w**4/12 + 17*w**3/6 - 3*w**2. Let q be m(7). Suppose g - q*g + 4 = 0. What are the prime factors of g?
2
Suppose -2*o = -2*i + 850, 2*o - 2118 = 2*i - 7*i. List the prime factors of i.
2, 53
Let u(v) = v**3 + 8*v**2 + 6*v - 4. Let w be u(-7). Suppose -3*f + 12 = 3. Suppose f*r = -t - r - 8, -r = w. What are the prime factors of t?
2
Let r = 1041 - 375. Suppose -7*j = -13*j + r. What are the prime factors of j?
3, 37
Let v = -97 - -263. Suppose 4*d = -4*r + 564, 3*d = 2*r + v - 468. What are the prime factors of r?
5, 29
Suppose -2*n + 7*u = 8*u - 6349, -15883 = -5*n + u. List the prime factors of n.
2, 397
Suppose -3*g + 7*g = -60. Let d = g + 15. What are the prime factors of 28*1 - (3 - d)?
5
Let g = -151 + 107. Let z = g - -71. List the prime factors of z.
3
Let h = 343 + -320. Suppose 0 = -m - 0*q - q - 4, 5*m + 8 = -2*q. Suppose m = -a - 3 + h. What are the prime factors of a?
2, 5
Let a(p) be the second derivative of 7*p**3/6 - 5*p**2 + 8*p. List the prime factors of a(9).
53
Let l(w) = -w**3 - 6*w**2 - 4*w + 3. Let o be l(-5). Let q(c) = -8*c**3 - 2*c**2 + 3*c + 2. List the prime factors of q(o).
2, 13
Suppose -2 = p + p - 2*a, 7 = 2*p + a. What are the prime factors of p/7 + (11056/28)/4?
3, 11
Let d(k) = -3*k + 10. Suppose -23*l + 18*l - 70 = 0. Let y be d(l). List the prime factors of y + 0 + (-3)/3.
3, 17
Let c(y) = 1 - 3 + 282*y + 11. What are the prime factors of c(1)?
3, 97
Suppose -1 + 5 = 2*m. Suppose 3*k - 16 = -0*q + 5*q, 3*q - m = -4*k. Suppose 8 = 6*l - k*l. What are the prime factors of l?
2
Let z = 623 + -227. What are the prime factors of z?
2, 3, 11
Suppose -3*c + 77 + 34 = -3*h, -3*c = 5*h + 161. Let n = -13 - h. What are the prime factors of n?
3, 7
Let q be (0 - -1)/(14/28). What are the prime factors of (-5 + 4)*q - -77?
3, 5
Let w = 17894 - 11847. What are the prime factors of w?
6047
Suppose -2*n + 0*n + 16 = 0. Suppose 57 + 47 = n*y. What are the prime factors of y?
13
Suppose 6*l = 8*l - 96. Let p = -31 + l. List the prime factors of p.
17
Let m(n) = -n**2 - 3*n + 3. Let k be m(-3). Let d(b) = -10*b + 242. Let l be d(24). List the prime factors of 134*(k + (-5)/l).
67
Suppose -485 = -4*d + 1443. What are the prime factors of d?
2, 241
Suppose 8296 = -81*f + 41182. What are the prime factors of f?
2, 7, 29
Let d = -35 - 74. Let z = d + 154. What are the prime factors of z?
3, 5
Let n be (1 + -1)/(-7 + 10). Suppose 24 = -3*x - n. Let i = 11 + x. List the prime factors of i.
3
Let x be 5/(-10)*(-2 + 16) + 4. Suppose d = 2*b - 5*b + 8, 0 = -2*b + 2*d - 8. Let g = b - x. List the prime factors of g.
2
Let g be (6/(-4))/(36/(-48)). Suppose -g*f - x + 184 = -0*x, -5*x = -5*f + 430. List the prime factors of f.
2, 3, 5
Suppose 6*a + 11*a - 63376 = 0. List the prime factors of a.
2, 233
Suppose 3*u = k - 2, 3*k = -3*u + 12 + 6. Let v be u/((-15)/132)*-5. Suppose m - 3*r = -r + 29, -3*r = m - v. List the prime factors of m.
5, 7
Let m(v) = v**2 - 7*v - 5. Let b be m(8). Suppose -5*u = 4*s - 15, -b*u + 4*s + 41 = -0*s. Suppose 2*g = 3*a + 34, g = 3*a + a + u. List the prime factors of g.
23
Let g = -444 + 661. What are the prime factors of g?
7, 31
Let i = 36 - 35. What are the prime factors of (31/i - 1)*(-8)/(-3)?
2, 5
Let m(f) = 5*f + 4. Let j(l) = -l. Let q(i) = j(i) - m(i). List the prime factors of q(-9).
2, 5
Let h(t) be the first derivative of -4*t**2 - 6*t - 4. Let s be h(7). Let c = -37 - s. What are the prime factors of c?
5
Let k(t) = 